 remainder when 41434558 is divided by 237?
85
Calculate the remainder when 45785 is divided by 11254.
769
What is the remainder when 1910298 is divided by 5067?
39
Calculate the remainder when 79608 is divided by 3157.
683
Calculate the remainder when 40413404 is divided by 24.
20
What is the remainder when 56443775 is divided by 384?
383
Calculate the remainder when 5206651 is divided by 2441.
2439
Calculate the remainder when 17512 is divided by 2796.
736
What is the remainder when 4689426 is divided by 248?
242
What is the remainder when 974984 is divided by 410?
4
Calculate the remainder when 19507636 is divided by 41.
0
Calculate the remainder when 554743 is divided by 554619.
124
Calculate the remainder when 7024731 is divided by 540363.
12
Calculate the remainder when 46288524 is divided by 25.
24
What is the remainder when 430303 is divided by 759?
709
Calculate the remainder when 680603 is divided by 3659.
29
What is the remainder when 208165 is divided by 72?
13
What is the remainder when 2712427 is divided by 277?
43
Calculate the remainder when 5408868 is divided by 1802952.
12
Calculate the remainder when 487262 is divided by 97.
31
What is the remainder when 82342 is divided by 40911?
520
Calculate the remainder when 4058692 is divided by 1291.
1079
Calculate the remainder when 4858560 is divided by 2429215.
130
Calculate the remainder when 414204 is divided by 5243.
7
What is the remainder when 3900494 is divided by 57?
41
What is the remainder when 346221 is divided by 115402?
15
Calculate the remainder when 3099533 is divided by 1215.
68
Calculate the remainder when 3568443 is divided by 892106.
19
What is the remainder when 229275 is divided by 5208?
123
What is the remainder when 18285442 is divided by 428?
426
What is the remainder when 4304400 is divided by 4304326?
74
What is the remainder when 12529847 is divided by 39?
5
What is the remainder when 722250 is divided by 360974?
302
Calculate the remainder when 2717222797 is divided by 400.
397
Calculate the remainder when 441505 is divided by 219876.
1753
Calculate the remainder when 24171347 is divided by 47.
46
Calculate the remainder when 318281 is divided by 26510.
161
Calculate the remainder when 154614 is divided by 937.
9
Calculate the remainder when 446822630 is divided by 542.
540
Calculate the remainder when 1749395 is divided by 1209.
1181
What is the remainder when 5694801 is divided by 517708?
13
What is the remainder when 1259716 is divided by 32295?
211
What is the remainder when 35950 is divided by 3146?
1344
What is the remainder when 232622769 is divided by 89?
87
Calculate the remainder when 471421 is divided by 4962.
31
Calculate the remainder when 9159343 is divided by 1308466.
81
What is the remainder when 2081218 is divided by 115623?
4
Calculate the remainder when 27316640 is divided by 262.
258
Calculate the remainder when 37030 is divided by 31298.
5732
Calculate the remainder when 7262164 is divided by 1452421.
59
Calculate the remainder when 12222 is divided by 5409.
1404
What is the remainder when 2717959 is divided by 8547?
13
Calculate the remainder when 2157952 is divided by 27666.
4
Calculate the remainder when 98285 is divided by 377.
265
What is the remainder when 20922474 is divided by 9558?
12
What is the remainder when 114499 is divided by 1152?
451
Calculate the remainder when 324703 is divided by 451.
434
Calculate the remainder when 2802192 is divided by 62.
40
Calculate the remainder when 6817546 is divided by 519.
481
What is the remainder when 30347 is divided by 15035?
277
Calculate the remainder when 847593 is divided by 65183.
214
Calculate the remainder when 2184062 is divided by 242656.
158
What is the remainder when 126092 is divided by 63045?
2
Calculate the remainder when 150239 is divided by 1473.
1466
What is the remainder when 62365469 is divided by 7?
5
What is the remainder when 635043 is divided by 105795?
273
Calculate the remainder when 111753 is divided by 2479.
198
What is the remainder when 2542660 is divided by 36?
16
Calculate the remainder when 954241 is divided by 7758.
7
Calculate the remainder when 98540 is divided by 23.
8
Calculate the remainder when 1512959 is divided by 7453.
0
What is the remainder when 1725881 is divided by 675?
581
What is the remainder when 2360680 is divided by 285?
25
What is the remainder when 4256658 is divided by 167?
162
What is the remainder when 2416135 is divided by 2612?
35
Calculate the remainder when 897000 is divided by 571.
530
What is the remainder when 391095 is divided by 17777?
1
Calculate the remainder when 1245708 is divided by 8899.
8747
Calculate the remainder when 1749157 is divided by 2772.
25
What is the remainder when 1244796 is divided by 2180?
16
Calculate the remainder when 8769311 is divided by 313.
303
Calculate the remainder when 83919260 is divided by 31.
28
What is the remainder when 16710 is divided by 8192?
326
Calculate the remainder when 6123989 is divided by 165.
14
Calculate the remainder when 7271 is divided by 1981.
1328
What is the remainder when 133673 is divided by 16641?
545
Calculate the remainder when 1030623 is divided by 171766.
27
What is the remainder when 644741 is divided by 2034?
1997
What is the remainder when 4011090 is divided by 17670?
0
Calculate the remainder when 137654538 is divided by 6367.
6365
What is the remainder when 3428596 is divided by 291?
34
Calculate the remainder when 766001 is divided by 1765.
1756
What is the remainder when 11574414 is divided by 4290?
4284
Calculate the remainder when 7830777 is divided by 12.
9
What is the remainder when 1319862 is divided by 29?
14
Calculate the remainder when 4736194 is divided by 2368078.
38
Calculate the remainder when 1518444 is divided by 759206.
32
What is the remainder when 18861147 is divided by 41?
40
What is the remainder when 6685765 is divided by 3039?
3004
What is the remainder when 32874 is divided by 1844?
1526
Calculate the remainder when 878224 is divided by 292445.
889
What is the remainder when 127483873 is divided by 12748386?
13
What is the remainder when 10438 is divided by 7169?
3269
Calculate the remainder when 131495543 is divided by 45.
8
Calculate the remainder when 1074317 is divided by 433.
44
Calculate the remainder when 10905058 is divided by 185.
48
Calculate the remainder when 377957 is divided by 26971.
363
Calculate the remainder when 75013 is divided by 261.
106
Calculate the remainder when 18100098 is divided by 25565.
78
What is the remainder when 11002 is divided by 609?
40
What is the remainder when 23924612 is divided by 819?
803
What is the remainder when 447250 is divided by 9918?
940
What is the remainder when 33400764 is divided by 6458?
6446
What is the remainder when 6282928 is divided by 6282878?
50
Calculate the remainder when 53795778 is divided by 7168.
7106
What is the remainder when 441389 is divided by 10509?
11
Calculate the remainder when 146870 is divided by 73427.
16
What is the remainder when 133777 is divided by 273?
7
Calculate the remainder when 7061832 is divided by 2602.
4
Calculate the remainder when 75740 is divided by 400.
140
What is the remainder when 53731 is divided by 26767?
197
Calculate the remainder when 53882 is divided by 53702.
180
What is the remainder when 78130 is divided by 1101?
1060
Calculate the remainder when 324203 is divided by 1801.
23
What is the remainder when 1054014 is divided by 5461?
41
What is the remainder when 8597304 is divided by 2865764?
12
What is the remainder when 574802 is divided by 287168?
466
Calculate the remainder when 54441552 is divided by 1088831.
2
What is the remainder when 135280463 is divided by 1718?
1707
Calculate the remainder when 5357823 is divided by 213.
21
What is the remainder when 1691549 is divided by 277?
187
Calculate the remainder when 2318265 is divided by 857.
80
What is the remainder when 9741 is divided by 7143?
2598
What is the remainder when 35897759 is divided by 1028?
1027
Calculate the remainder when 28660716 is divided by 1563.
1548
Calculate the remainder when 44362779 is divided by 1394.
123
Calculate the remainder when 971510 is divided by 9432.
14
Calculate the remainder when 843314 is divided by 621.
617
What is the r